{"id":17883,"date":"2024-01-18T09:06:16","date_gmt":"2024-01-18T08:06:16","guid":{"rendered":"https:\/\/lyconnordic.nyside2.net\/privat\/?post_type=product&#038;p=17883"},"modified":"2026-03-24T07:14:16","modified_gmt":"2026-03-24T06:14:16","slug":"wax-cellence-cartridge-strip-wax-100ml","status":"publish","type":"product","link":"https:\/\/lyconnordic.no\/privat\/produkt\/wax-cellence-cartridge-strip-wax-100ml\/","title":{"rendered":"Wax-Cellence Cartridge Strip Wax 100ml"},"content":{"rendered":"<p><em>F\u00f6r ben, armar, br\u00f6st &amp; rygg<\/em><\/p>\n<p>Wax-cellence Strip Wax Cartridge \u00e4r ett jordgubbsdoftande vax som luktar s\u00e5 gott att man vill \u00e4ta det! Skimrande mineralen Micro Mica s\u00e4kerst\u00e4ller att huden \u00e4r skyddad under hela vaxningen utan att det drar i huden. Wax-cellence Strip Wax \u00e4r enkelt att anv\u00e4nda tar bort h\u00e5r ned till 2mm korta str\u00e5n. Appliceras tunt,\u00a0 glider l\u00e4tt p\u00e5 huden och l\u00e4mnar ingen klibbig hinna p\u00e5 huden.<\/p>\n<p><strong>Vegansk | Cruelty Free | 100ml<\/strong><\/p>\n","protected":false},"excerpt":{"rendered":"<p>Wax-cellence Strip Wax Cartridge \/rullevoks er en jordb\u00e6r-duftende voks. Ikke bare lukter den godt men de glitrende rosa Micro Mica mineralene sikrer at huden er beskyttet mens du vokser. Wax-cellence Strip Wax fjerner korte h\u00e5r ned til ca. 2 millimeter. Den glir enkelt p\u00e5 og etterlater ett tynt men perfekt lag s\u00e5 man unng\u00e5r kliss. Enkel \u00e5 bruke, tilpasset hjemmevoksing.<\/p>\n","protected":false},"featured_media":17891,"comment_status":"open","ping_status":"closed","template":"","meta":[],"product_brand":[],"product_cat":[163],"product_tag":[],"class_list":{"0":"post-17883","1":"product","2":"type-product","3":"status-publish","4":"has-post-thumbnail","6":"product_cat-wax-cellence","8":"first","9":"instock","10":"taxable","11":"shipping-taxable","12":"purchasable","13":"product-type-simple"},"yoast_head":"<!-- This site is optimized with the Yoast SEO plugin v27.3 - https:\/\/yoast.com\/product\/yoast-seo-wordpress\/ -->\n<title>Wax-Cellence Cartridge Strip Wax 100ml - Lycon - for private<\/title>\n<meta name=\"robots\" content=\"index, follow, max-snippet:-1, max-image-preview:large, max-video-preview:-1\" \/>\n<link rel=\"canonical\" href=\"https:\/\/lyconnordic.no\/privat\/produkt\/wax-cellence-cartridge-strip-wax-100ml\/\" \/>\n<meta property=\"og:locale\" content=\"nb_NO\" \/>\n<meta property=\"og:type\" content=\"article\" \/>\n<meta property=\"og:title\" content=\"Wax-Cellence Cartridge Strip Wax 100ml - Lycon - for private\" \/>\n<meta property=\"og:description\" content=\"Wax-cellence Strip Wax Cartridge \/rullevoks er en jordb\u00e6r-duftende voks. Ikke bare lukter den godt men de glitrende rosa Micro Mica mineralene sikrer at huden er beskyttet mens du vokser. Wax-cellence Strip Wax fjerner korte h\u00e5r ned til ca. 2 millimeter. Den glir enkelt p\u00e5 og etterlater ett tynt men perfekt lag s\u00e5 man unng\u00e5r kliss. Enkel \u00e5 bruke, tilpasset hjemmevoksing.\" \/>\n<meta property=\"og:url\" content=\"https:\/\/lyconnordic.no\/privat\/produkt\/wax-cellence-cartridge-strip-wax-100ml\/\" \/>\n<meta property=\"og:site_name\" content=\"Lycon - for private\" \/>\n<meta property=\"article:modified_time\" content=\"2026-03-24T06:14:16+00:00\" \/>\n<meta property=\"og:image\" content=\"https:\/\/lyconnordic.no\/privat\/wp-content\/uploads\/2024\/01\/Wax-cellence_Strip-Wax-Cartridge_100ml_WEB.jpg\" \/>\n\t<meta property=\"og:image:width\" content=\"900\" \/>\n\t<meta property=\"og:image:height\" content=\"900\" \/>\n\t<meta property=\"og:image:type\" content=\"image\/jpeg\" \/>\n<meta name=\"twitter:card\" content=\"summary_large_image\" \/>\n<script type=\"application\/ld+json\" class=\"yoast-schema-graph\">{\"@context\":\"https:\\\/\\\/schema.org\",\"@graph\":[{\"@type\":\"WebPage\",\"@id\":\"https:\\\/\\\/lyconnordic.no\\\/privat\\\/produkt\\\/wax-cellence-cartridge-strip-wax-100ml\\\/\",\"url\":\"https:\\\/\\\/lyconnordic.no\\\/privat\\\/produkt\\\/wax-cellence-cartridge-strip-wax-100ml\\\/\",\"name\":\"Wax-Cellence Cartridge Strip Wax 100ml - Lycon - for private\",\"isPartOf\":{\"@id\":\"https:\\\/\\\/lyconnordic.no\\\/privat\\\/#website\"},\"primaryImageOfPage\":{\"@id\":\"https:\\\/\\\/lyconnordic.no\\\/privat\\\/produkt\\\/wax-cellence-cartridge-strip-wax-100ml\\\/#primaryimage\"},\"image\":{\"@id\":\"https:\\\/\\\/lyconnordic.no\\\/privat\\\/produkt\\\/wax-cellence-cartridge-strip-wax-100ml\\\/#primaryimage\"},\"thumbnailUrl\":\"https:\\\/\\\/lyconnordic.no\\\/privat\\\/wp-content\\\/uploads\\\/2024\\\/01\\\/Wax-cellence_Strip-Wax-Cartridge_100ml_WEB.jpg\",\"datePublished\":\"2024-01-18T08:06:16+00:00\",\"dateModified\":\"2026-03-24T06:14:16+00:00\",\"breadcrumb\":{\"@id\":\"https:\\\/\\\/lyconnordic.no\\\/privat\\\/produkt\\\/wax-cellence-cartridge-strip-wax-100ml\\\/#breadcrumb\"},\"inLanguage\":\"nb-NO\",\"potentialAction\":[{\"@type\":\"ReadAction\",\"target\":[\"https:\\\/\\\/lyconnordic.no\\\/privat\\\/produkt\\\/wax-cellence-cartridge-strip-wax-100ml\\\/\"]}]},{\"@type\":\"ImageObject\",\"inLanguage\":\"nb-NO\",\"@id\":\"https:\\\/\\\/lyconnordic.no\\\/privat\\\/produkt\\\/wax-cellence-cartridge-strip-wax-100ml\\\/#primaryimage\",\"url\":\"https:\\\/\\\/lyconnordic.no\\\/privat\\\/wp-content\\\/uploads\\\/2024\\\/01\\\/Wax-cellence_Strip-Wax-Cartridge_100ml_WEB.jpg\",\"contentUrl\":\"https:\\\/\\\/lyconnordic.no\\\/privat\\\/wp-content\\\/uploads\\\/2024\\\/01\\\/Wax-cellence_Strip-Wax-Cartridge_100ml_WEB.jpg\",\"width\":900,\"height\":900},{\"@type\":\"BreadcrumbList\",\"@id\":\"https:\\\/\\\/lyconnordic.no\\\/privat\\\/produkt\\\/wax-cellence-cartridge-strip-wax-100ml\\\/#breadcrumb\",\"itemListElement\":[{\"@type\":\"ListItem\",\"position\":1,\"name\":\"Hjem\",\"item\":\"https:\\\/\\\/lyconnordic.no\\\/privat\\\/\"},{\"@type\":\"ListItem\",\"position\":2,\"name\":\"Produkter\",\"item\":\"https:\\\/\\\/lyconnordic.no\\\/privat\\\/produkter\\\/\"},{\"@type\":\"ListItem\",\"position\":3,\"name\":\"Wax-Cellence Cartridge Strip Wax 100ml\"}]},{\"@type\":\"WebSite\",\"@id\":\"https:\\\/\\\/lyconnordic.no\\\/privat\\\/#website\",\"url\":\"https:\\\/\\\/lyconnordic.no\\\/privat\\\/\",\"name\":\"Lycon - for private\",\"description\":\"Australias voksmerke #1\",\"potentialAction\":[{\"@type\":\"SearchAction\",\"target\":{\"@type\":\"EntryPoint\",\"urlTemplate\":\"https:\\\/\\\/lyconnordic.no\\\/privat\\\/?s={search_term_string}\"},\"query-input\":{\"@type\":\"PropertyValueSpecification\",\"valueRequired\":true,\"valueName\":\"search_term_string\"}}],\"inLanguage\":\"nb-NO\"}]}<\/script>\n<!-- \/ Yoast SEO plugin. -->","yoast_head_json":{"title":"Wax-Cellence Cartridge Strip Wax 100ml - Lycon - for private","robots":{"index":"index","follow":"follow","max-snippet":"max-snippet:-1","max-image-preview":"max-image-preview:large","max-video-preview":"max-video-preview:-1"},"canonical":"https:\/\/lyconnordic.no\/privat\/produkt\/wax-cellence-cartridge-strip-wax-100ml\/","og_locale":"nb_NO","og_type":"article","og_title":"Wax-Cellence Cartridge Strip Wax 100ml - Lycon - for private","og_description":"Wax-cellence Strip Wax Cartridge \/rullevoks er en jordb\u00e6r-duftende voks. Ikke bare lukter den godt men de glitrende rosa Micro Mica mineralene sikrer at huden er beskyttet mens du vokser. Wax-cellence Strip Wax fjerner korte h\u00e5r ned til ca. 2 millimeter. Den glir enkelt p\u00e5 og etterlater ett tynt men perfekt lag s\u00e5 man unng\u00e5r kliss. Enkel \u00e5 bruke, tilpasset hjemmevoksing.","og_url":"https:\/\/lyconnordic.no\/privat\/produkt\/wax-cellence-cartridge-strip-wax-100ml\/","og_site_name":"Lycon - for private","article_modified_time":"2026-03-24T06:14:16+00:00","og_image":[{"width":900,"height":900,"url":"https:\/\/lyconnordic.no\/privat\/wp-content\/uploads\/2024\/01\/Wax-cellence_Strip-Wax-Cartridge_100ml_WEB.jpg","type":"image\/jpeg"}],"twitter_card":"summary_large_image","schema":{"@context":"https:\/\/schema.org","@graph":[{"@type":"WebPage","@id":"https:\/\/lyconnordic.no\/privat\/produkt\/wax-cellence-cartridge-strip-wax-100ml\/","url":"https:\/\/lyconnordic.no\/privat\/produkt\/wax-cellence-cartridge-strip-wax-100ml\/","name":"Wax-Cellence Cartridge Strip Wax 100ml - Lycon - for private","isPartOf":{"@id":"https:\/\/lyconnordic.no\/privat\/#website"},"primaryImageOfPage":{"@id":"https:\/\/lyconnordic.no\/privat\/produkt\/wax-cellence-cartridge-strip-wax-100ml\/#primaryimage"},"image":{"@id":"https:\/\/lyconnordic.no\/privat\/produkt\/wax-cellence-cartridge-strip-wax-100ml\/#primaryimage"},"thumbnailUrl":"https:\/\/lyconnordic.no\/privat\/wp-content\/uploads\/2024\/01\/Wax-cellence_Strip-Wax-Cartridge_100ml_WEB.jpg","datePublished":"2024-01-18T08:06:16+00:00","dateModified":"2026-03-24T06:14:16+00:00","breadcrumb":{"@id":"https:\/\/lyconnordic.no\/privat\/produkt\/wax-cellence-cartridge-strip-wax-100ml\/#breadcrumb"},"inLanguage":"nb-NO","potentialAction":[{"@type":"ReadAction","target":["https:\/\/lyconnordic.no\/privat\/produkt\/wax-cellence-cartridge-strip-wax-100ml\/"]}]},{"@type":"ImageObject","inLanguage":"nb-NO","@id":"https:\/\/lyconnordic.no\/privat\/produkt\/wax-cellence-cartridge-strip-wax-100ml\/#primaryimage","url":"https:\/\/lyconnordic.no\/privat\/wp-content\/uploads\/2024\/01\/Wax-cellence_Strip-Wax-Cartridge_100ml_WEB.jpg","contentUrl":"https:\/\/lyconnordic.no\/privat\/wp-content\/uploads\/2024\/01\/Wax-cellence_Strip-Wax-Cartridge_100ml_WEB.jpg","width":900,"height":900},{"@type":"BreadcrumbList","@id":"https:\/\/lyconnordic.no\/privat\/produkt\/wax-cellence-cartridge-strip-wax-100ml\/#breadcrumb","itemListElement":[{"@type":"ListItem","position":1,"name":"Hjem","item":"https:\/\/lyconnordic.no\/privat\/"},{"@type":"ListItem","position":2,"name":"Produkter","item":"https:\/\/lyconnordic.no\/privat\/produkter\/"},{"@type":"ListItem","position":3,"name":"Wax-Cellence Cartridge Strip Wax 100ml"}]},{"@type":"WebSite","@id":"https:\/\/lyconnordic.no\/privat\/#website","url":"https:\/\/lyconnordic.no\/privat\/","name":"Lycon - for private","description":"Australias voksmerke #1","potentialAction":[{"@type":"SearchAction","target":{"@type":"EntryPoint","urlTemplate":"https:\/\/lyconnordic.no\/privat\/?s={search_term_string}"},"query-input":{"@type":"PropertyValueSpecification","valueRequired":true,"valueName":"search_term_string"}}],"inLanguage":"nb-NO"}]}},"_links":{"self":[{"href":"https:\/\/lyconnordic.no\/privat\/wp-json\/wp\/v2\/product\/17883","targetHints":{"allow":["GET"]}}],"collection":[{"href":"https:\/\/lyconnordic.no\/privat\/wp-json\/wp\/v2\/product"}],"about":[{"href":"https:\/\/lyconnordic.no\/privat\/wp-json\/wp\/v2\/types\/product"}],"replies":[{"embeddable":true,"href":"https:\/\/lyconnordic.no\/privat\/wp-json\/wp\/v2\/comments?post=17883"}],"version-history":[{"count":5,"href":"https:\/\/lyconnordic.no\/privat\/wp-json\/wp\/v2\/product\/17883\/revisions"}],"predecessor-version":[{"id":20486,"href":"https:\/\/lyconnordic.no\/privat\/wp-json\/wp\/v2\/product\/17883\/revisions\/20486"}],"wp:featuredmedia":[{"embeddable":true,"href":"https:\/\/lyconnordic.no\/privat\/wp-json\/wp\/v2\/media\/17891"}],"wp:attachment":[{"href":"https:\/\/lyconnordic.no\/privat\/wp-json\/wp\/v2\/media?parent=17883"}],"wp:term":[{"taxonomy":"product_brand","embeddable":true,"href":"https:\/\/lyconnordic.no\/privat\/wp-json\/wp\/v2\/product_brand?post=17883"},{"taxonomy":"product_cat","embeddable":true,"href":"https:\/\/lyconnordic.no\/privat\/wp-json\/wp\/v2\/product_cat?post=17883"},{"taxonomy":"product_tag","embeddable":true,"href":"https:\/\/lyconnordic.no\/privat\/wp-json\/wp\/v2\/product_tag?post=17883"}],"curies":[{"name":"wp","href":"https:\/\/api.w.org\/{rel}","templated":true}]}}