{"id":17296,"date":"2023-11-08T09:06:42","date_gmt":"2023-11-08T09:06:42","guid":{"rendered":"https:\/\/lyconnordic.nyside2.net\/privat\/?post_type=product&#038;p=17296"},"modified":"2025-10-24T15:13:42","modified_gmt":"2025-10-24T13:13:42","slug":"soothing-cream-250ml","status":"publish","type":"product","link":"https:\/\/lyconnordic.no\/privat\/produkt\/soothing-cream-250ml\/","title":{"rendered":"Soothing Cream 250ml"},"content":{"rendered":"<h1>SOOTHING CREAM<\/h1>\n<div class=\"ingredients\">med sheasm\u00f8r, allantoin, kamille og vitamin E<\/div>\n<p><span style=\"font-size: medium\">Kroppskrem til t\u00f8rr hud med rose, kamille og jasmin. En krem med mild duft\u00a0som passer normal til ekstra t\u00f8rr hud.<\/span><\/p>\n<p><span style=\"font-size: medium\">Brukes etter voksing for \u00e5 fukte og berolige huden, og\u00a0s\u00f8rger for at den er\u00a0myk og fuktet mellom voksbehandlinger.<\/span><\/p>\n<p><span style=\"font-size: medium\">Kan brukes p\u00e5 hele kroppen eller som h\u00e5nd- og fotkrem hver dag. Fin til vintert\u00f8rr hud.<\/span><\/p>\n<div class=\"pink-highlight\">Vegansk | Curelty-free<\/div>\n<p><strong>AVAILABLE IN:<\/strong> 250ml<\/p>\n","protected":false},"excerpt":{"rendered":"<p>Med sheasm\u00f8r, allantoin, kamille og vitamin E<\/p>\n<p>Kroppskrem til t\u00f8rr hud med rose, kamille og jasmin. En krem med mild duft som passer normal til ekstra t\u00f8rr hud.<\/p>\n<p>Brukes etter voksing for \u00e5 fukte og berolige huden, og s\u00f8rger for at den er myk og fuktet mellom voksbehandlinger.<\/p>\n<p>Kan brukes p\u00e5 hele kroppen eller som h\u00e5nd- og fotkrem hver dag. Fin til vintert\u00f8rr hud.<\/p>\n","protected":false},"featured_media":17297,"comment_status":"open","ping_status":"closed","template":"","meta":[],"product_brand":[],"product_cat":[90],"product_tag":[],"class_list":{"0":"post-17296","1":"product","2":"type-product","3":"status-publish","4":"has-post-thumbnail","6":"product_cat-lycon-spa","8":"first","9":"instock","10":"taxable","11":"shipping-taxable","12":"purchasable","13":"product-type-simple"},"yoast_head":"<!-- This site is optimized with the Yoast SEO plugin v27.3 - https:\/\/yoast.com\/product\/yoast-seo-wordpress\/ -->\n<title>Soothing Cream 250ml - Lycon - for private<\/title>\n<meta name=\"robots\" content=\"index, follow, max-snippet:-1, max-image-preview:large, max-video-preview:-1\" \/>\n<link rel=\"canonical\" href=\"https:\/\/lyconnordic.no\/privat\/produkt\/soothing-cream-250ml\/\" \/>\n<meta property=\"og:locale\" content=\"nb_NO\" \/>\n<meta property=\"og:type\" content=\"article\" \/>\n<meta property=\"og:title\" content=\"Soothing Cream 250ml - Lycon - for private\" \/>\n<meta property=\"og:description\" content=\"Med sheasm\u00f8r, allantoin, kamille og vitamin E  Kroppskrem til t\u00f8rr hud med rose, kamille og jasmin. En krem med mild duft som passer normal til ekstra t\u00f8rr hud.  Brukes etter voksing for \u00e5 fukte og berolige huden, og s\u00f8rger for at den er myk og fuktet mellom voksbehandlinger.  Kan brukes p\u00e5 hele kroppen eller som h\u00e5nd- og fotkrem hver dag. Fin til vintert\u00f8rr hud.\" \/>\n<meta property=\"og:url\" content=\"https:\/\/lyconnordic.no\/privat\/produkt\/soothing-cream-250ml\/\" \/>\n<meta property=\"og:site_name\" content=\"Lycon - for private\" \/>\n<meta property=\"article:modified_time\" content=\"2025-10-24T13:13:42+00:00\" \/>\n<meta property=\"og:image\" content=\"https:\/\/lyconnordic.no\/privat\/wp-content\/uploads\/2023\/11\/Soothing-Cream_Spa-Essentials_250ml_WEB.jpg\" \/>\n\t<meta property=\"og:image:width\" content=\"900\" \/>\n\t<meta property=\"og:image:height\" content=\"900\" \/>\n\t<meta property=\"og:image:type\" content=\"image\/jpeg\" \/>\n<meta name=\"twitter:card\" content=\"summary_large_image\" \/>\n<script type=\"application\/ld+json\" class=\"yoast-schema-graph\">{\"@context\":\"https:\\\/\\\/schema.org\",\"@graph\":[{\"@type\":\"WebPage\",\"@id\":\"https:\\\/\\\/lyconnordic.no\\\/privat\\\/produkt\\\/soothing-cream-250ml\\\/\",\"url\":\"https:\\\/\\\/lyconnordic.no\\\/privat\\\/produkt\\\/soothing-cream-250ml\\\/\",\"name\":\"Soothing Cream 250ml - Lycon - for private\",\"isPartOf\":{\"@id\":\"https:\\\/\\\/lyconnordic.no\\\/privat\\\/#website\"},\"primaryImageOfPage\":{\"@id\":\"https:\\\/\\\/lyconnordic.no\\\/privat\\\/produkt\\\/soothing-cream-250ml\\\/#primaryimage\"},\"image\":{\"@id\":\"https:\\\/\\\/lyconnordic.no\\\/privat\\\/produkt\\\/soothing-cream-250ml\\\/#primaryimage\"},\"thumbnailUrl\":\"https:\\\/\\\/lyconnordic.no\\\/privat\\\/wp-content\\\/uploads\\\/2023\\\/11\\\/Soothing-Cream_Spa-Essentials_250ml_WEB.jpg\",\"datePublished\":\"2023-11-08T09:06:42+00:00\",\"dateModified\":\"2025-10-24T13:13:42+00:00\",\"breadcrumb\":{\"@id\":\"https:\\\/\\\/lyconnordic.no\\\/privat\\\/produkt\\\/soothing-cream-250ml\\\/#breadcrumb\"},\"inLanguage\":\"nb-NO\",\"potentialAction\":[{\"@type\":\"ReadAction\",\"target\":[\"https:\\\/\\\/lyconnordic.no\\\/privat\\\/produkt\\\/soothing-cream-250ml\\\/\"]}]},{\"@type\":\"ImageObject\",\"inLanguage\":\"nb-NO\",\"@id\":\"https:\\\/\\\/lyconnordic.no\\\/privat\\\/produkt\\\/soothing-cream-250ml\\\/#primaryimage\",\"url\":\"https:\\\/\\\/lyconnordic.no\\\/privat\\\/wp-content\\\/uploads\\\/2023\\\/11\\\/Soothing-Cream_Spa-Essentials_250ml_WEB.jpg\",\"contentUrl\":\"https:\\\/\\\/lyconnordic.no\\\/privat\\\/wp-content\\\/uploads\\\/2023\\\/11\\\/Soothing-Cream_Spa-Essentials_250ml_WEB.jpg\",\"width\":900,\"height\":900},{\"@type\":\"BreadcrumbList\",\"@id\":\"https:\\\/\\\/lyconnordic.no\\\/privat\\\/produkt\\\/soothing-cream-250ml\\\/#breadcrumb\",\"itemListElement\":[{\"@type\":\"ListItem\",\"position\":1,\"name\":\"Hjem\",\"item\":\"https:\\\/\\\/lyconnordic.no\\\/privat\\\/\"},{\"@type\":\"ListItem\",\"position\":2,\"name\":\"Produkter\",\"item\":\"https:\\\/\\\/lyconnordic.no\\\/privat\\\/produkter\\\/\"},{\"@type\":\"ListItem\",\"position\":3,\"name\":\"Soothing Cream 250ml\"}]},{\"@type\":\"WebSite\",\"@id\":\"https:\\\/\\\/lyconnordic.no\\\/privat\\\/#website\",\"url\":\"https:\\\/\\\/lyconnordic.no\\\/privat\\\/\",\"name\":\"Lycon - for private\",\"description\":\"Australias voksmerke #1\",\"potentialAction\":[{\"@type\":\"SearchAction\",\"target\":{\"@type\":\"EntryPoint\",\"urlTemplate\":\"https:\\\/\\\/lyconnordic.no\\\/privat\\\/?s={search_term_string}\"},\"query-input\":{\"@type\":\"PropertyValueSpecification\",\"valueRequired\":true,\"valueName\":\"search_term_string\"}}],\"inLanguage\":\"nb-NO\"}]}<\/script>\n<!-- \/ Yoast SEO plugin. -->","yoast_head_json":{"title":"Soothing Cream 250ml - Lycon - for private","robots":{"index":"index","follow":"follow","max-snippet":"max-snippet:-1","max-image-preview":"max-image-preview:large","max-video-preview":"max-video-preview:-1"},"canonical":"https:\/\/lyconnordic.no\/privat\/produkt\/soothing-cream-250ml\/","og_locale":"nb_NO","og_type":"article","og_title":"Soothing Cream 250ml - Lycon - for private","og_description":"Med sheasm\u00f8r, allantoin, kamille og vitamin E  Kroppskrem til t\u00f8rr hud med rose, kamille og jasmin. En krem med mild duft som passer normal til ekstra t\u00f8rr hud.  Brukes etter voksing for \u00e5 fukte og berolige huden, og s\u00f8rger for at den er myk og fuktet mellom voksbehandlinger.  Kan brukes p\u00e5 hele kroppen eller som h\u00e5nd- og fotkrem hver dag. Fin til vintert\u00f8rr hud.","og_url":"https:\/\/lyconnordic.no\/privat\/produkt\/soothing-cream-250ml\/","og_site_name":"Lycon - for private","article_modified_time":"2025-10-24T13:13:42+00:00","og_image":[{"width":900,"height":900,"url":"https:\/\/lyconnordic.no\/privat\/wp-content\/uploads\/2023\/11\/Soothing-Cream_Spa-Essentials_250ml_WEB.jpg","type":"image\/jpeg"}],"twitter_card":"summary_large_image","schema":{"@context":"https:\/\/schema.org","@graph":[{"@type":"WebPage","@id":"https:\/\/lyconnordic.no\/privat\/produkt\/soothing-cream-250ml\/","url":"https:\/\/lyconnordic.no\/privat\/produkt\/soothing-cream-250ml\/","name":"Soothing Cream 250ml - Lycon - for private","isPartOf":{"@id":"https:\/\/lyconnordic.no\/privat\/#website"},"primaryImageOfPage":{"@id":"https:\/\/lyconnordic.no\/privat\/produkt\/soothing-cream-250ml\/#primaryimage"},"image":{"@id":"https:\/\/lyconnordic.no\/privat\/produkt\/soothing-cream-250ml\/#primaryimage"},"thumbnailUrl":"https:\/\/lyconnordic.no\/privat\/wp-content\/uploads\/2023\/11\/Soothing-Cream_Spa-Essentials_250ml_WEB.jpg","datePublished":"2023-11-08T09:06:42+00:00","dateModified":"2025-10-24T13:13:42+00:00","breadcrumb":{"@id":"https:\/\/lyconnordic.no\/privat\/produkt\/soothing-cream-250ml\/#breadcrumb"},"inLanguage":"nb-NO","potentialAction":[{"@type":"ReadAction","target":["https:\/\/lyconnordic.no\/privat\/produkt\/soothing-cream-250ml\/"]}]},{"@type":"ImageObject","inLanguage":"nb-NO","@id":"https:\/\/lyconnordic.no\/privat\/produkt\/soothing-cream-250ml\/#primaryimage","url":"https:\/\/lyconnordic.no\/privat\/wp-content\/uploads\/2023\/11\/Soothing-Cream_Spa-Essentials_250ml_WEB.jpg","contentUrl":"https:\/\/lyconnordic.no\/privat\/wp-content\/uploads\/2023\/11\/Soothing-Cream_Spa-Essentials_250ml_WEB.jpg","width":900,"height":900},{"@type":"BreadcrumbList","@id":"https:\/\/lyconnordic.no\/privat\/produkt\/soothing-cream-250ml\/#breadcrumb","itemListElement":[{"@type":"ListItem","position":1,"name":"Hjem","item":"https:\/\/lyconnordic.no\/privat\/"},{"@type":"ListItem","position":2,"name":"Produkter","item":"https:\/\/lyconnordic.no\/privat\/produkter\/"},{"@type":"ListItem","position":3,"name":"Soothing Cream 250ml"}]},{"@type":"WebSite","@id":"https:\/\/lyconnordic.no\/privat\/#website","url":"https:\/\/lyconnordic.no\/privat\/","name":"Lycon - for private","description":"Australias voksmerke #1","potentialAction":[{"@type":"SearchAction","target":{"@type":"EntryPoint","urlTemplate":"https:\/\/lyconnordic.no\/privat\/?s={search_term_string}"},"query-input":{"@type":"PropertyValueSpecification","valueRequired":true,"valueName":"search_term_string"}}],"inLanguage":"nb-NO"}]}},"_links":{"self":[{"href":"https:\/\/lyconnordic.no\/privat\/wp-json\/wp\/v2\/product\/17296","targetHints":{"allow":["GET"]}}],"collection":[{"href":"https:\/\/lyconnordic.no\/privat\/wp-json\/wp\/v2\/product"}],"about":[{"href":"https:\/\/lyconnordic.no\/privat\/wp-json\/wp\/v2\/types\/product"}],"replies":[{"embeddable":true,"href":"https:\/\/lyconnordic.no\/privat\/wp-json\/wp\/v2\/comments?post=17296"}],"version-history":[{"count":5,"href":"https:\/\/lyconnordic.no\/privat\/wp-json\/wp\/v2\/product\/17296\/revisions"}],"predecessor-version":[{"id":20448,"href":"https:\/\/lyconnordic.no\/privat\/wp-json\/wp\/v2\/product\/17296\/revisions\/20448"}],"wp:featuredmedia":[{"embeddable":true,"href":"https:\/\/lyconnordic.no\/privat\/wp-json\/wp\/v2\/media\/17297"}],"wp:attachment":[{"href":"https:\/\/lyconnordic.no\/privat\/wp-json\/wp\/v2\/media?parent=17296"}],"wp:term":[{"taxonomy":"product_brand","embeddable":true,"href":"https:\/\/lyconnordic.no\/privat\/wp-json\/wp\/v2\/product_brand?post=17296"},{"taxonomy":"product_cat","embeddable":true,"href":"https:\/\/lyconnordic.no\/privat\/wp-json\/wp\/v2\/product_cat?post=17296"},{"taxonomy":"product_tag","embeddable":true,"href":"https:\/\/lyconnordic.no\/privat\/wp-json\/wp\/v2\/product_tag?post=17296"}],"curies":[{"name":"wp","href":"https:\/\/api.w.org\/{rel}","templated":true}]}}