{"id":16693,"date":"2023-11-07T07:59:23","date_gmt":"2023-11-07T07:59:23","guid":{"rendered":"https:\/\/lyconnordic.nyside2.net\/privat\/?post_type=product&#038;p=16693"},"modified":"2025-10-24T15:20:42","modified_gmt":"2025-10-24T13:20:42","slug":"lycon-waxing-mat","status":"publish","type":"product","link":"https:\/\/lyconnordic.no\/privat\/produkt\/lycon-waxing-mat\/","title":{"rendered":"Lycon Waxing Mat"},"content":{"rendered":"<h1>LYCON WAXING MAT<\/h1>\n<p><span style=\"font-size: medium\">LYCON vinylmatte til behandlingsbenk. Beskytter benk og h\u00e5ndkl\u00e6r. LYCON Waxing Mat gj\u00f8r det enkelt \u00e5 holde h\u00e5ndkl\u00e6r rene for flekker fra voks og andre produkter. Rengj\u00f8res effektivt med LYCON Wax Solvent mellom kunder.<\/span><\/p>\n<p><span style=\"font-size: medium\">Gjennomsiktig vinyl med diskr\u00e9 LYCON-logo i lys gr\u00e5 farge. Kan rulles opp for enkel oppbevaring.<\/span><\/p>\n<p><span style=\"font-size: medium\"><strong>M\u00e5l:<\/strong>\u00a0125 x 70cm<\/span><\/p>\n","protected":false},"excerpt":{"rendered":"<p><strong>Lycon Waxing Mat<\/strong><\/p>\n<p>LYCON vinylmatte beskytter s\u00e5 du ikke f\u00e5r voks p\u00e5 gulv og m\u00f8bler. LYCON Waxing Mat kan rengj\u00f8res etter bruk med oppvaskmiddel og vann.<\/p>\n<p>Gjennomsiktig vinyl med LYCON-logo i lys gr\u00e5 farge. Kan rulles opp for enkel oppbevaring.<\/p>\n<p>M\u00e5l:\u00a0125 x 70cm<\/p>\n","protected":false},"featured_media":16696,"comment_status":"open","ping_status":"closed","template":"","meta":[],"product_brand":[],"product_cat":[87],"product_tag":[],"class_list":{"0":"post-16693","1":"product","2":"type-product","3":"status-publish","4":"has-post-thumbnail","6":"product_cat-tilbehor","8":"first","9":"instock","10":"taxable","11":"shipping-taxable","12":"purchasable","13":"product-type-simple"},"yoast_head":"<!-- This site is optimized with the Yoast SEO plugin v27.3 - https:\/\/yoast.com\/product\/yoast-seo-wordpress\/ -->\n<title>Lycon Waxing Mat - Lycon - for private<\/title>\n<meta name=\"robots\" content=\"index, follow, max-snippet:-1, max-image-preview:large, max-video-preview:-1\" \/>\n<link rel=\"canonical\" href=\"https:\/\/lyconnordic.no\/privat\/produkt\/lycon-waxing-mat\/\" \/>\n<meta property=\"og:locale\" content=\"nb_NO\" \/>\n<meta property=\"og:type\" content=\"article\" \/>\n<meta property=\"og:title\" content=\"Lycon Waxing Mat - Lycon - for private\" \/>\n<meta property=\"og:description\" content=\"Lycon Waxing Mat  LYCON vinylmatte beskytter s\u00e5 du ikke f\u00e5r voks p\u00e5 gulv og m\u00f8bler. LYCON Waxing Mat kan rengj\u00f8res etter bruk med oppvaskmiddel og vann.  Gjennomsiktig vinyl med LYCON-logo i lys gr\u00e5 farge. Kan rulles opp for enkel oppbevaring.  M\u00e5l:\u00a0125 x 70cm\" \/>\n<meta property=\"og:url\" content=\"https:\/\/lyconnordic.no\/privat\/produkt\/lycon-waxing-mat\/\" \/>\n<meta property=\"og:site_name\" content=\"Lycon - for private\" \/>\n<meta property=\"article:modified_time\" content=\"2025-10-24T13:20:42+00:00\" \/>\n<meta property=\"og:image\" content=\"https:\/\/lyconnordic.no\/privat\/wp-content\/uploads\/2023\/11\/Lycon-Wax-Mat.jpg\" \/>\n\t<meta property=\"og:image:width\" content=\"900\" \/>\n\t<meta property=\"og:image:height\" content=\"900\" \/>\n\t<meta property=\"og:image:type\" content=\"image\/jpeg\" \/>\n<meta name=\"twitter:card\" content=\"summary_large_image\" \/>\n<script type=\"application\/ld+json\" class=\"yoast-schema-graph\">{\"@context\":\"https:\\\/\\\/schema.org\",\"@graph\":[{\"@type\":\"WebPage\",\"@id\":\"https:\\\/\\\/lyconnordic.no\\\/privat\\\/produkt\\\/lycon-waxing-mat\\\/\",\"url\":\"https:\\\/\\\/lyconnordic.no\\\/privat\\\/produkt\\\/lycon-waxing-mat\\\/\",\"name\":\"Lycon Waxing Mat - Lycon - for private\",\"isPartOf\":{\"@id\":\"https:\\\/\\\/lyconnordic.no\\\/privat\\\/#website\"},\"primaryImageOfPage\":{\"@id\":\"https:\\\/\\\/lyconnordic.no\\\/privat\\\/produkt\\\/lycon-waxing-mat\\\/#primaryimage\"},\"image\":{\"@id\":\"https:\\\/\\\/lyconnordic.no\\\/privat\\\/produkt\\\/lycon-waxing-mat\\\/#primaryimage\"},\"thumbnailUrl\":\"https:\\\/\\\/lyconnordic.no\\\/privat\\\/wp-content\\\/uploads\\\/2023\\\/11\\\/Lycon-Wax-Mat.jpg\",\"datePublished\":\"2023-11-07T07:59:23+00:00\",\"dateModified\":\"2025-10-24T13:20:42+00:00\",\"breadcrumb\":{\"@id\":\"https:\\\/\\\/lyconnordic.no\\\/privat\\\/produkt\\\/lycon-waxing-mat\\\/#breadcrumb\"},\"inLanguage\":\"nb-NO\",\"potentialAction\":[{\"@type\":\"ReadAction\",\"target\":[\"https:\\\/\\\/lyconnordic.no\\\/privat\\\/produkt\\\/lycon-waxing-mat\\\/\"]}]},{\"@type\":\"ImageObject\",\"inLanguage\":\"nb-NO\",\"@id\":\"https:\\\/\\\/lyconnordic.no\\\/privat\\\/produkt\\\/lycon-waxing-mat\\\/#primaryimage\",\"url\":\"https:\\\/\\\/lyconnordic.no\\\/privat\\\/wp-content\\\/uploads\\\/2023\\\/11\\\/Lycon-Wax-Mat.jpg\",\"contentUrl\":\"https:\\\/\\\/lyconnordic.no\\\/privat\\\/wp-content\\\/uploads\\\/2023\\\/11\\\/Lycon-Wax-Mat.jpg\",\"width\":900,\"height\":900},{\"@type\":\"BreadcrumbList\",\"@id\":\"https:\\\/\\\/lyconnordic.no\\\/privat\\\/produkt\\\/lycon-waxing-mat\\\/#breadcrumb\",\"itemListElement\":[{\"@type\":\"ListItem\",\"position\":1,\"name\":\"Hjem\",\"item\":\"https:\\\/\\\/lyconnordic.no\\\/privat\\\/\"},{\"@type\":\"ListItem\",\"position\":2,\"name\":\"Produkter\",\"item\":\"https:\\\/\\\/lyconnordic.no\\\/privat\\\/produkter\\\/\"},{\"@type\":\"ListItem\",\"position\":3,\"name\":\"Lycon Waxing Mat\"}]},{\"@type\":\"WebSite\",\"@id\":\"https:\\\/\\\/lyconnordic.no\\\/privat\\\/#website\",\"url\":\"https:\\\/\\\/lyconnordic.no\\\/privat\\\/\",\"name\":\"Lycon - for private\",\"description\":\"Australias voksmerke #1\",\"potentialAction\":[{\"@type\":\"SearchAction\",\"target\":{\"@type\":\"EntryPoint\",\"urlTemplate\":\"https:\\\/\\\/lyconnordic.no\\\/privat\\\/?s={search_term_string}\"},\"query-input\":{\"@type\":\"PropertyValueSpecification\",\"valueRequired\":true,\"valueName\":\"search_term_string\"}}],\"inLanguage\":\"nb-NO\"}]}<\/script>\n<!-- \/ Yoast SEO plugin. -->","yoast_head_json":{"title":"Lycon Waxing Mat - Lycon - for private","robots":{"index":"index","follow":"follow","max-snippet":"max-snippet:-1","max-image-preview":"max-image-preview:large","max-video-preview":"max-video-preview:-1"},"canonical":"https:\/\/lyconnordic.no\/privat\/produkt\/lycon-waxing-mat\/","og_locale":"nb_NO","og_type":"article","og_title":"Lycon Waxing Mat - Lycon - for private","og_description":"Lycon Waxing Mat  LYCON vinylmatte beskytter s\u00e5 du ikke f\u00e5r voks p\u00e5 gulv og m\u00f8bler. LYCON Waxing Mat kan rengj\u00f8res etter bruk med oppvaskmiddel og vann.  Gjennomsiktig vinyl med LYCON-logo i lys gr\u00e5 farge. Kan rulles opp for enkel oppbevaring.  M\u00e5l:\u00a0125 x 70cm","og_url":"https:\/\/lyconnordic.no\/privat\/produkt\/lycon-waxing-mat\/","og_site_name":"Lycon - for private","article_modified_time":"2025-10-24T13:20:42+00:00","og_image":[{"width":900,"height":900,"url":"https:\/\/lyconnordic.no\/privat\/wp-content\/uploads\/2023\/11\/Lycon-Wax-Mat.jpg","type":"image\/jpeg"}],"twitter_card":"summary_large_image","schema":{"@context":"https:\/\/schema.org","@graph":[{"@type":"WebPage","@id":"https:\/\/lyconnordic.no\/privat\/produkt\/lycon-waxing-mat\/","url":"https:\/\/lyconnordic.no\/privat\/produkt\/lycon-waxing-mat\/","name":"Lycon Waxing Mat - Lycon - for private","isPartOf":{"@id":"https:\/\/lyconnordic.no\/privat\/#website"},"primaryImageOfPage":{"@id":"https:\/\/lyconnordic.no\/privat\/produkt\/lycon-waxing-mat\/#primaryimage"},"image":{"@id":"https:\/\/lyconnordic.no\/privat\/produkt\/lycon-waxing-mat\/#primaryimage"},"thumbnailUrl":"https:\/\/lyconnordic.no\/privat\/wp-content\/uploads\/2023\/11\/Lycon-Wax-Mat.jpg","datePublished":"2023-11-07T07:59:23+00:00","dateModified":"2025-10-24T13:20:42+00:00","breadcrumb":{"@id":"https:\/\/lyconnordic.no\/privat\/produkt\/lycon-waxing-mat\/#breadcrumb"},"inLanguage":"nb-NO","potentialAction":[{"@type":"ReadAction","target":["https:\/\/lyconnordic.no\/privat\/produkt\/lycon-waxing-mat\/"]}]},{"@type":"ImageObject","inLanguage":"nb-NO","@id":"https:\/\/lyconnordic.no\/privat\/produkt\/lycon-waxing-mat\/#primaryimage","url":"https:\/\/lyconnordic.no\/privat\/wp-content\/uploads\/2023\/11\/Lycon-Wax-Mat.jpg","contentUrl":"https:\/\/lyconnordic.no\/privat\/wp-content\/uploads\/2023\/11\/Lycon-Wax-Mat.jpg","width":900,"height":900},{"@type":"BreadcrumbList","@id":"https:\/\/lyconnordic.no\/privat\/produkt\/lycon-waxing-mat\/#breadcrumb","itemListElement":[{"@type":"ListItem","position":1,"name":"Hjem","item":"https:\/\/lyconnordic.no\/privat\/"},{"@type":"ListItem","position":2,"name":"Produkter","item":"https:\/\/lyconnordic.no\/privat\/produkter\/"},{"@type":"ListItem","position":3,"name":"Lycon Waxing Mat"}]},{"@type":"WebSite","@id":"https:\/\/lyconnordic.no\/privat\/#website","url":"https:\/\/lyconnordic.no\/privat\/","name":"Lycon - for private","description":"Australias voksmerke #1","potentialAction":[{"@type":"SearchAction","target":{"@type":"EntryPoint","urlTemplate":"https:\/\/lyconnordic.no\/privat\/?s={search_term_string}"},"query-input":{"@type":"PropertyValueSpecification","valueRequired":true,"valueName":"search_term_string"}}],"inLanguage":"nb-NO"}]}},"_links":{"self":[{"href":"https:\/\/lyconnordic.no\/privat\/wp-json\/wp\/v2\/product\/16693","targetHints":{"allow":["GET"]}}],"collection":[{"href":"https:\/\/lyconnordic.no\/privat\/wp-json\/wp\/v2\/product"}],"about":[{"href":"https:\/\/lyconnordic.no\/privat\/wp-json\/wp\/v2\/types\/product"}],"replies":[{"embeddable":true,"href":"https:\/\/lyconnordic.no\/privat\/wp-json\/wp\/v2\/comments?post=16693"}],"version-history":[{"count":7,"href":"https:\/\/lyconnordic.no\/privat\/wp-json\/wp\/v2\/product\/16693\/revisions"}],"predecessor-version":[{"id":20471,"href":"https:\/\/lyconnordic.no\/privat\/wp-json\/wp\/v2\/product\/16693\/revisions\/20471"}],"wp:featuredmedia":[{"embeddable":true,"href":"https:\/\/lyconnordic.no\/privat\/wp-json\/wp\/v2\/media\/16696"}],"wp:attachment":[{"href":"https:\/\/lyconnordic.no\/privat\/wp-json\/wp\/v2\/media?parent=16693"}],"wp:term":[{"taxonomy":"product_brand","embeddable":true,"href":"https:\/\/lyconnordic.no\/privat\/wp-json\/wp\/v2\/product_brand?post=16693"},{"taxonomy":"product_cat","embeddable":true,"href":"https:\/\/lyconnordic.no\/privat\/wp-json\/wp\/v2\/product_cat?post=16693"},{"taxonomy":"product_tag","embeddable":true,"href":"https:\/\/lyconnordic.no\/privat\/wp-json\/wp\/v2\/product_tag?post=16693"}],"curies":[{"name":"wp","href":"https:\/\/api.w.org\/{rel}","templated":true}]}}